{"id":704,"date":"2021-04-22T19:50:36","date_gmt":"2021-04-22T19:50:36","guid":{"rendered":"http:\/\/transfortransportes.com\/?page_id=704"},"modified":"2021-04-22T19:55:48","modified_gmt":"2021-04-22T19:55:48","slug":"politica-de-privacidad-y-cookies","status":"publish","type":"page","link":"https:\/\/transfortransportes.com\/index.php\/politica-de-privacidad-y-cookies\/","title":{"rendered":"Pol\u00edtica de Privacidad y Cookies"},"content":{"rendered":"\t\t<div data-elementor-type=\"wp-page\" data-elementor-id=\"704\" class=\"elementor elementor-704\" data-elementor-settings=\"[]\">\n\t\t\t\t\t\t<div class=\"elementor-inner\">\n\t\t\t\t\t\t\t<div class=\"elementor-section-wrap\">\n\t\t\t\t\t\t\t<section class=\"elementor-section elementor-top-section elementor-element elementor-element-7953e9f elementor-section-boxed elementor-section-height-default elementor-section-height-default\" data-id=\"7953e9f\" data-element_type=\"section\">\n\t\t\t\t\t\t<div class=\"elementor-container elementor-column-gap-default\">\n\t\t\t\t\t\t\t<div class=\"elementor-row\">\n\t\t\t\t\t<div class=\"aux-parallax-section elementor-column elementor-col-100 elementor-top-column elementor-element elementor-element-85bb971\" data-id=\"85bb971\" data-element_type=\"column\">\n\t\t\t<div class=\"elementor-column-wrap elementor-element-populated\">\n\t\t\t\t\t\t\t<div class=\"elementor-widget-wrap\">\n\t\t\t\t\t\t<div class=\"elementor-element elementor-element-71e6cc63 elementor-widget elementor-widget-text-editor\" data-id=\"71e6cc63\" data-element_type=\"widget\" data-widget_type=\"text-editor.default\">\n\t\t\t\t<div class=\"elementor-widget-container\">\n\t\t\t\t\t<div class=\"elementor-text-editor elementor-clearfix\"><p><!-- wp:heading --><\/p>\n<h2><b>POLITICA DE COOKIES<\/b><\/h2>\n<h4 style=\"color: rgb(6, 16, 24); font-family: Montserrat; line-height: 1.1; margin-top: 20px; margin-bottom: 10px; font-size: 13px; height: auto; text-transform: uppercase; letter-spacing: normal;\">INTRODUCCI\u00d3N<\/h4>\n<p style=\"padding: 0px; margin-bottom: 15px; font-family: Montserrat; font-size: 14px; color: rgb(6, 16, 24); line-height: 24px;\">Mediante el presente documento, la sociedad TRANSFOR S.A.S, en adelante la \u201cCompa\u00f1\u00eda\u201d, dando cumplimiento a los presupuestos normativos frente a la instalaci\u00f3n y uso de las cookies se\u00f1alados en Colombia por la Superintendencia de Industria y Comercio, as\u00ed como la Agencia Espa\u00f1ola de Protecci\u00f3n de Datos &#8211; GPD -, la Compa\u00f1\u00eda se permite implementar su Pol\u00edtica de Cookies (en adelante la \u201cPol\u00edtica\u201d) para su sitio web www.chevignon.com.co (en adelante el \u201cSitio\u201d).<\/p>\n<ul style=\"margin-bottom: 10px; color: rgb(102, 102, 102); font-family: raleway, arial, sans-serif; font-size: 10px;\">\n<li style=\"font-family: Montserrat; font-size: 14px; color: rgb(6, 16, 24); list-style: none !important;\">\n<h3 style=\"font-family: Montserrat; line-height: 1.1; margin-top: 20px; margin-bottom: 10px; font-size: 13px; height: auto; text-transform: uppercase;\">1. DEFINICI\u00d3N DE LAS COOKIES<\/h3>\n<p style=\"padding: 0px; margin-bottom: 15px; line-height: 24px;\">De acuerdo con la definici\u00f3n emitida por la Agencia Espa\u00f1ola de Protecci\u00f3n de Datos, tomada por la Superintendencia de Industria y Comercio en Colombia, una cookie se entiende como: \u201c[\u2026] un fichero que se descarga en su ordenador al acceder a determinadas p\u00e1ginas web. Las cookies permiten a una p\u00e1gina web, entre otras cosas, almacenar y recuperar informaci\u00f3n sobre los h\u00e1bitos de navegaci\u00f3n de un usuario o de su equipo y, dependiendo de la informaci\u00f3n que contengan y de la forma en que utilice su equipo, pueden utilizarse para reconocer al usuario.\u00bb<br>As\u00ed las cosas, las cookies corresponden a archivos de datos que la Compa\u00f1\u00eda env\u00eda al ordenador, tel\u00e9fono celular, Tablet o dispositivo inteligente con acceso a internet del usuario, los cuales permiten obtener informaci\u00f3n relativa a su navegaci\u00f3n y mejorar su experiencia.<\/p>\n<\/li>\n<li style=\"font-family: Montserrat; font-size: 14px; color: rgb(6, 16, 24); list-style: none !important;\">\n<h3 style=\"font-family: Montserrat; line-height: 1.1; margin-top: 20px; margin-bottom: 10px; font-size: 13px; height: auto; text-transform: uppercase;\">2. USO DE LAS COOKIES<\/h3>\n<p style=\"padding: 0px; margin-bottom: 15px; line-height: 24px;\">Para entender de una mejor manera las necesidades de los usuarios y entregar un mejor servicio, la Compa\u00f1\u00eda utiliza dentro del Sitio, identificadores an\u00f3nimos (\u00abcookies\u00bb) para recoger informaci\u00f3n an\u00f3nima de preferencias e intereses de sus usuarios. La informaci\u00f3n recogida por este medio es utilizada para crear perfiles an\u00f3nimos para cualquier prop\u00f3sito, incluyendo, m\u00e1s no limitado a, desarrollar, fabricar y comercializar productos. La informaci\u00f3n conseguida por este medio nunca se combina con datos de car\u00e1cter personal que permitan identificar a una persona determinada (tal como nombre, domicilio o direcci\u00f3n de correo electr\u00f3nico) o cualquier informaci\u00f3n que pueda ser considerada sensible o que pueda comprometer la privacidad de los usuarios.<\/p>\n<\/li>\n<li style=\"font-family: Montserrat; font-size: 14px; color: rgb(6, 16, 24); list-style: none !important;\">\n<h3 style=\"font-family: Montserrat; font-weight: 500; line-height: 1.1; margin-top: 20px; margin-bottom: 10px; font-size: 13px; height: auto; text-transform: uppercase;\">3. NO EXISTENCIA DE BASE DE DATOS.<\/h3>\n<p style=\"padding: 0px; margin-bottom: 15px; line-height: 24px;\">De acuerdo con la informaci\u00f3n conseguida a trav\u00e9s de las cookies en el Sitio, no es posible para la Compa\u00f1\u00eda identificar a una persona determinada, as\u00ed las cosas, la Compa\u00f1\u00eda no consolida o crea una base de datos con datos recopilados por medio de las cookies.<br>En el evento en que la Compa\u00f1\u00eda recopile datos personales de titulares por medio de cookies, ser\u00e1 el titular\/usuario quien autorizar\u00e1 a la Compa\u00f1\u00eda el uso de sus datos personales, de manera previa, expresa e informada, o a trav\u00e9s de un aviso de privacidad comunicado en el momento previo a la recopilaci\u00f3n de los datos.<\/p>\n<\/li>\n<li style=\"font-family: Montserrat; font-size: 14px; color: rgb(6, 16, 24); list-style: none !important;\">\n<h3 style=\"font-family: Montserrat; font-weight: 500; line-height: 1.1; margin-top: 20px; margin-bottom: 10px; font-size: 13px; height: auto; text-transform: uppercase;\">4. DESACTIVACI\u00d3N DE UTILIZACI\u00d3N DE COOKIES.<\/h3>\n<p style=\"padding: 0px; margin-bottom: 15px; line-height: 24px;\">En el momento que el usuario desee puede desactivar el uso de las cookies dentro del Sitio. No obstante, si el usuario opta por su desactivaci\u00f3n, posiblemente no pueda conocer, acceder o visualizar determinadas secciones, im\u00e1genes o partes del Sitio de la Compa\u00f1\u00eda. Lo anterior puede ocasionar una navegaci\u00f3n menos eficiente o el usuario no aprovechar en su totalidad los servicios ofrecidos en el Sitio.<br>Con relaci\u00f3n a la restricci\u00f3n, bloqueo o borrado de las cookies almacenados en el Sitio, el usuario puede realizar en cualquier momento acorde con las especificaciones de su navegador. Si el usuario desconoce la opci\u00f3n o forma de acceder a la configuraci\u00f3n de las cookies, normalmente se encuentra nombrado como \u201cPreferencias\u201d o \u201cHerramientas\u201d en los navegadores web.<\/p>\n<\/li>\n<li style=\"font-family: Montserrat; font-size: 14px; color: rgb(6, 16, 24); list-style: none !important;\">\n<h3 style=\"font-family: Montserrat; font-weight: 500; line-height: 1.1; margin-top: 20px; margin-bottom: 10px; font-size: 13px; height: auto; text-transform: uppercase;\">5. COOKIES QUE UTILIZA EL SITIO<\/h3>\n<p style=\"padding: 0px; margin-bottom: 15px; line-height: 24px;\">A continuaci\u00f3n se informan las cookies que se utilizan dentro del Sitio, las cuales se utilizan para una navegaci\u00f3n m\u00e1s eficiente y el usuario aproveche la totalidad de servicios ofrecidos en el Sitio.<\/p>\n<ul style=\"margin-top: 0px; margin-bottom: 0px;\">\n<li style=\"list-style: none !important;\">1. Cookies de sesi\u00f3n y persistentes (o propias).<\/li>\n<li style=\"list-style: none !important;\">2. Cookies de terceros (s\u00ed tienes instalado Google Analytics &#8211; Estad\u00edsticas sobre el tr\u00e1fico y volumen de visitas de esta web, etc).<\/li>\n<li style=\"list-style: none !important;\"><br><\/li>\n<\/ul>\n<\/li>\n<li style=\"font-family: Montserrat; font-size: 14px; color: rgb(6, 16, 24); list-style: none !important;\">\n<h3 style=\"font-family: Montserrat; font-weight: 500; line-height: 1.1; margin-top: 20px; margin-bottom: 10px; font-size: 13px; height: auto; text-transform: uppercase;\">7. ACTUALIZACIONES Y CAMBIOS EN LA POL\u00cdTICA DE COOKIES.<\/h3>\n<p style=\"padding: 0px; margin-bottom: 15px; line-height: 24px;\">La presente Pol\u00edtica regir\u00e1 a partir de la fecha de su publicaci\u00f3n y dejar\u00e1 sin efectos las dem\u00e1s disposiciones institucionales que le sean contrarias. Todo elemento sobre la materia objeto de la presente Pol\u00edtica que no se encuentre contenido en la misma, se reglamentar\u00e1 por la Compa\u00f1\u00eda acorde con su necesidad.<\/p>\n<\/li>\n<\/ul>\n<ul>\n<\/ul>\n<p><!-- \/wp:paragraph --><\/p><\/div>\n\t\t\t\t<\/div>\n\t\t\t\t<\/div>\n\t\t\t\t\t\t<\/div>\n\t\t\t\t\t<\/div>\n\t\t<\/div>\n\t\t\t\t\t\t\t\t<\/div>\n\t\t\t\t\t<\/div>\n\t\t<\/section>\n\t\t\t\t\t\t<\/div>\n\t\t\t\t\t\t<\/div>\n\t\t\t\t\t<\/div>\n\t\t","protected":false},"excerpt":{"rendered":"<p>POLITICA DE COOKIES INTRODUCCI\u00d3N Mediante el presente documento, la sociedad TRANSFOR S.A.S, en adelante la \u201cCompa\u00f1\u00eda\u201d, dando cumplimiento a los presupuestos normativos frente a la instalaci\u00f3n y uso de las cookies se\u00f1alados en Colombia por la Superintendencia de Industria y Comercio, as\u00ed como la Agencia Espa\u00f1ola de Protecci\u00f3n de Datos &#8211; GPD -, la Compa\u00f1\u00eda [&hellip;]<\/p>\n","protected":false},"author":1,"featured_media":0,"parent":0,"menu_order":0,"comment_status":"closed","ping_status":"closed","template":"","meta":[],"aioseo_notices":[],"_links":{"self":[{"href":"https:\/\/transfortransportes.com\/index.php\/wp-json\/wp\/v2\/pages\/704"}],"collection":[{"href":"https:\/\/transfortransportes.com\/index.php\/wp-json\/wp\/v2\/pages"}],"about":[{"href":"https:\/\/transfortransportes.com\/index.php\/wp-json\/wp\/v2\/types\/page"}],"author":[{"embeddable":true,"href":"https:\/\/transfortransportes.com\/index.php\/wp-json\/wp\/v2\/users\/1"}],"replies":[{"embeddable":true,"href":"https:\/\/transfortransportes.com\/index.php\/wp-json\/wp\/v2\/comments?post=704"}],"version-history":[{"count":7,"href":"https:\/\/transfortransportes.com\/index.php\/wp-json\/wp\/v2\/pages\/704\/revisions"}],"predecessor-version":[{"id":711,"href":"https:\/\/transfortransportes.com\/index.php\/wp-json\/wp\/v2\/pages\/704\/revisions\/711"}],"wp:attachment":[{"href":"https:\/\/transfortransportes.com\/index.php\/wp-json\/wp\/v2\/media?parent=704"}],"curies":[{"name":"wp","href":"https:\/\/api.w.org\/{rel}","templated":true}]}}